{"id":21,"date":"2025-10-20T17:47:56","date_gmt":"2025-10-20T21:47:56","guid":{"rendered":"https:\/\/boltaccesorios.com\/?page_id=21"},"modified":"2025-10-31T21:46:42","modified_gmt":"2025-11-01T01:46:42","slug":"wishlist","status":"publish","type":"page","link":"https:\/\/boltaccesorios.com\/?page_id=21","title":{"rendered":"Lista de Deseos"},"content":{"rendered":"<div class=\"wpb-content-wrapper\"><p>[vc_row][vc_column][vc_column_text]<div class=\"woocommerce wocommerce-wishlist wcboost-wishlist\">\n<div class=\"wishlist-empty\">\n\t\n\t<div class=\"woocommerce-info\" role=\"status\">\n\t\tThe wishlist is empty.\t<\/div>\n<\/div>\n\n\t<p class=\"return-to-shop\">\n\t\t<a href=\"https:\/\/boltaccesorios.com\/?page_id=15\" class=\"button wc-backward\">Return to shop<\/a>\t<\/p>\n\n<\/div>\n[\/vc_column_text][\/vc_column][\/vc_row]<\/p>\n<\/div>","protected":false},"excerpt":{"rendered":"<p>[vc_row][vc_column][vc_column_text][\/vc_column_text][\/vc_column][\/vc_row]<\/p>\n","protected":false},"author":1,"featured_media":0,"parent":0,"menu_order":0,"comment_status":"closed","ping_status":"closed","template":"","meta":{"om_disable_all_campaigns":false,"_monsterinsights_skip_tracking":false,"_monsterinsights_sitenote_active":false,"_monsterinsights_sitenote_note":"","_monsterinsights_sitenote_category":0,"_joinchat":[],"footnotes":""},"class_list":["post-21","page","type-page","status-publish","hentry","_wholesalex wsx-wholesalex-product"],"aioseo_notices":[],"aioseo_head":"\n\t\t<!-- All in One SEO Pro 4.9.0 - aioseo.com -->\n\t<meta name=\"description\" content=\"The wishlist is empty. Return to shop\" \/>\n\t<meta name=\"robots\" content=\"max-image-preview:large\" \/>\n\t<link rel=\"canonical\" href=\"https:\/\/boltaccesorios.com\/?page_id=21\" \/>\n\t<meta name=\"generator\" content=\"All in One SEO Pro (AIOSEO) 4.9.0\" \/>\n\t\t<meta property=\"og:locale\" content=\"es_ES\" \/>\n\t\t<meta property=\"og:site_name\" content=\"Bolt Cell Accesorios M\u00f3viles - Mayorista y PVP en Espa\u00f1a - Accesorios de telefon\u00eda m\u00f3vil de alta calidad en Espa\u00f1a. Ventas al por mayor y al por menor (PVP). Auriculares, cargadores y gadgets. \u00a1Descubre nuestras tarifas profesionales!\" \/>\n\t\t<meta property=\"og:type\" content=\"article\" \/>\n\t\t<meta property=\"og:title\" content=\"Lista de Deseos - Bolt Cell Accesorios M\u00f3viles - Mayorista y PVP en Espa\u00f1a\" \/>\n\t\t<meta property=\"og:description\" content=\"The wishlist is empty. Return to shop\" \/>\n\t\t<meta property=\"og:url\" content=\"https:\/\/boltaccesorios.com\/?page_id=21\" \/>\n\t\t<meta property=\"article:published_time\" content=\"2025-10-20T21:47:56+00:00\" \/>\n\t\t<meta property=\"article:modified_time\" content=\"2025-11-01T01:46:42+00:00\" \/>\n\t\t<meta name=\"twitter:card\" content=\"summary_large_image\" \/>\n\t\t<meta name=\"twitter:title\" content=\"Lista de Deseos - Bolt Cell Accesorios M\u00f3viles - Mayorista y PVP en Espa\u00f1a\" \/>\n\t\t<meta name=\"twitter:description\" content=\"The wishlist is empty. Return to shop\" \/>\n\t\t<script type=\"application\/ld+json\" class=\"aioseo-schema\">\n\t\t\t{\"@context\":\"https:\\\/\\\/schema.org\",\"@graph\":[{\"@type\":\"BreadcrumbList\",\"@id\":\"https:\\\/\\\/boltaccesorios.com\\\/?page_id=21#breadcrumblist\",\"itemListElement\":[{\"@type\":\"ListItem\",\"@id\":\"https:\\\/\\\/boltaccesorios.com#listItem\",\"position\":1,\"name\":\"Home\",\"item\":\"https:\\\/\\\/boltaccesorios.com\",\"nextItem\":{\"@type\":\"ListItem\",\"@id\":\"https:\\\/\\\/boltaccesorios.com\\\/?page_id=21#listItem\",\"name\":\"Lista de Deseos\"}},{\"@type\":\"ListItem\",\"@id\":\"https:\\\/\\\/boltaccesorios.com\\\/?page_id=21#listItem\",\"position\":2,\"name\":\"Lista de Deseos\",\"previousItem\":{\"@type\":\"ListItem\",\"@id\":\"https:\\\/\\\/boltaccesorios.com#listItem\",\"name\":\"Home\"}}]},{\"@type\":\"Organization\",\"@id\":\"https:\\\/\\\/boltaccesorios.com\\\/#organization\",\"name\":\"Bolt Cell Accesorios M\\u00f3viles - Mayorista y PVP en Espa\\u00f1a\",\"description\":\"Accesorios de telefon\\u00eda m\\u00f3vil de alta calidad en Espa\\u00f1a. Ventas al por mayor y al por menor (PVP). Auriculares, cargadores y gadgets. \\u00a1Descubre nuestras tarifas profesionales!\",\"url\":\"https:\\\/\\\/boltaccesorios.com\\\/\",\"telephone\":\"+34642270296\",\"sameAs\":[\"https:\\\/\\\/www.instagram.com\\\/boltcellaccesorios\\\/\"]},{\"@type\":\"WebPage\",\"@id\":\"https:\\\/\\\/boltaccesorios.com\\\/?page_id=21#webpage\",\"url\":\"https:\\\/\\\/boltaccesorios.com\\\/?page_id=21\",\"name\":\"Lista de Deseos - Bolt Cell Accesorios M\\u00f3viles - Mayorista y PVP en Espa\\u00f1a\",\"description\":\"The wishlist is empty. Return to shop\",\"inLanguage\":\"es-VE\",\"isPartOf\":{\"@id\":\"https:\\\/\\\/boltaccesorios.com\\\/#website\"},\"breadcrumb\":{\"@id\":\"https:\\\/\\\/boltaccesorios.com\\\/?page_id=21#breadcrumblist\"},\"datePublished\":\"2025-10-20T17:47:56-04:00\",\"dateModified\":\"2025-10-31T21:46:42-04:00\"},{\"@type\":\"WebSite\",\"@id\":\"https:\\\/\\\/boltaccesorios.com\\\/#website\",\"url\":\"https:\\\/\\\/boltaccesorios.com\\\/\",\"name\":\"Bolt Cell Accesorios M\\u00f3viles - Mayorista y PVP en Espa\\u00f1a\",\"description\":\"Accesorios de telefon\\u00eda m\\u00f3vil de alta calidad en Espa\\u00f1a. Ventas al por mayor y al por menor (PVP). Auriculares, cargadores y gadgets. \\u00a1Descubre nuestras tarifas profesionales!\",\"inLanguage\":\"es-VE\",\"publisher\":{\"@id\":\"https:\\\/\\\/boltaccesorios.com\\\/#organization\"}}]}\n\t\t<\/script>\n\t\t<!-- All in One SEO Pro -->\r\n\t\t<title>Lista de Deseos - Bolt Cell Accesorios M\u00f3viles - Mayorista y PVP en Espa\u00f1a<\/title>\n\n","aioseo_head_json":{"title":"Lista de Deseos - Bolt Cell Accesorios M\u00f3viles - Mayorista y PVP en Espa\u00f1a","description":"The wishlist is empty. Return to shop","canonical_url":"https:\/\/boltaccesorios.com\/?page_id=21","robots":"max-image-preview:large","keywords":"","webmasterTools":{"miscellaneous":""},"schema":{"@context":"https:\/\/schema.org","@graph":[{"@type":"BreadcrumbList","@id":"https:\/\/boltaccesorios.com\/?page_id=21#breadcrumblist","itemListElement":[{"@type":"ListItem","@id":"https:\/\/boltaccesorios.com#listItem","position":1,"name":"Home","item":"https:\/\/boltaccesorios.com","nextItem":{"@type":"ListItem","@id":"https:\/\/boltaccesorios.com\/?page_id=21#listItem","name":"Lista de Deseos"}},{"@type":"ListItem","@id":"https:\/\/boltaccesorios.com\/?page_id=21#listItem","position":2,"name":"Lista de Deseos","previousItem":{"@type":"ListItem","@id":"https:\/\/boltaccesorios.com#listItem","name":"Home"}}]},{"@type":"Organization","@id":"https:\/\/boltaccesorios.com\/#organization","name":"Bolt Cell Accesorios M\u00f3viles - Mayorista y PVP en Espa\u00f1a","description":"Accesorios de telefon\u00eda m\u00f3vil de alta calidad en Espa\u00f1a. Ventas al por mayor y al por menor (PVP). Auriculares, cargadores y gadgets. \u00a1Descubre nuestras tarifas profesionales!","url":"https:\/\/boltaccesorios.com\/","telephone":"+34642270296","sameAs":["https:\/\/www.instagram.com\/boltcellaccesorios\/"]},{"@type":"WebPage","@id":"https:\/\/boltaccesorios.com\/?page_id=21#webpage","url":"https:\/\/boltaccesorios.com\/?page_id=21","name":"Lista de Deseos - Bolt Cell Accesorios M\u00f3viles - Mayorista y PVP en Espa\u00f1a","description":"The wishlist is empty. Return to shop","inLanguage":"es-VE","isPartOf":{"@id":"https:\/\/boltaccesorios.com\/#website"},"breadcrumb":{"@id":"https:\/\/boltaccesorios.com\/?page_id=21#breadcrumblist"},"datePublished":"2025-10-20T17:47:56-04:00","dateModified":"2025-10-31T21:46:42-04:00"},{"@type":"WebSite","@id":"https:\/\/boltaccesorios.com\/#website","url":"https:\/\/boltaccesorios.com\/","name":"Bolt Cell Accesorios M\u00f3viles - Mayorista y PVP en Espa\u00f1a","description":"Accesorios de telefon\u00eda m\u00f3vil de alta calidad en Espa\u00f1a. Ventas al por mayor y al por menor (PVP). Auriculares, cargadores y gadgets. \u00a1Descubre nuestras tarifas profesionales!","inLanguage":"es-VE","publisher":{"@id":"https:\/\/boltaccesorios.com\/#organization"}}]},"og:locale":"es_ES","og:site_name":"Bolt Cell Accesorios M\u00f3viles - Mayorista y PVP en Espa\u00f1a - Accesorios de telefon\u00eda m\u00f3vil de alta calidad en Espa\u00f1a. Ventas al por mayor y al por menor (PVP). Auriculares, cargadores y gadgets. \u00a1Descubre nuestras tarifas profesionales!","og:type":"article","og:title":"Lista de Deseos - Bolt Cell Accesorios M\u00f3viles - Mayorista y PVP en Espa\u00f1a","og:description":"The wishlist is empty. Return to shop","og:url":"https:\/\/boltaccesorios.com\/?page_id=21","article:published_time":"2025-10-20T21:47:56+00:00","article:modified_time":"2025-11-01T01:46:42+00:00","twitter:card":"summary_large_image","twitter:title":"Lista de Deseos - Bolt Cell Accesorios M\u00f3viles - Mayorista y PVP en Espa\u00f1a","twitter:description":"The wishlist is empty. Return to shop"},"aioseo_meta_data":{"post_id":"21","title":null,"description":null,"keywords":null,"keyphrases":null,"primary_term":null,"canonical_url":null,"og_title":null,"og_description":null,"og_object_type":"default","og_image_type":"default","og_image_url":null,"og_image_width":null,"og_image_height":null,"og_image_custom_url":null,"og_image_custom_fields":null,"og_video":null,"og_custom_url":null,"og_article_section":null,"og_article_tags":null,"twitter_use_og":true,"twitter_card":"default","twitter_image_type":"default","twitter_image_url":null,"twitter_image_custom_url":null,"twitter_image_custom_fields":null,"twitter_title":null,"twitter_description":null,"schema":{"blockGraphs":[],"customGraphs":[],"default":{"data":{"Article":[],"Course":[],"Dataset":[],"FAQPage":[],"Movie":[],"Person":[],"Product":[],"ProductReview":[],"Car":[],"Recipe":[],"Service":[],"SoftwareApplication":[],"WebPage":[]},"graphName":"","isEnabled":true},"graphs":[]},"schema_type":"default","schema_type_options":null,"pillar_content":false,"robots_default":true,"robots_noindex":false,"robots_noarchive":false,"robots_nosnippet":false,"robots_nofollow":false,"robots_noimageindex":false,"robots_noodp":false,"robots_notranslate":false,"robots_max_snippet":null,"robots_max_videopreview":null,"robots_max_imagepreview":"large","priority":null,"frequency":null,"local_seo":null,"seo_analyzer_scan_date":"2025-12-15 13:59:27","breadcrumb_settings":null,"limit_modified_date":false,"open_ai":null,"ai":null,"created":"2025-12-15 13:59:27","updated":"2026-05-08 08:38:45"},"aioseo_breadcrumb":"<div class=\"aioseo-breadcrumbs\"><span class=\"aioseo-breadcrumb\">\n\t<a href=\"https:\/\/boltaccesorios.com\" title=\"Home\">Home<\/a>\n<\/span><span class=\"aioseo-breadcrumb-separator\">&raquo;<\/span><span class=\"aioseo-breadcrumb\">\n\tLista de Deseos\n<\/span><\/div>","aioseo_breadcrumb_json":[{"label":"Home","link":"https:\/\/boltaccesorios.com"},{"label":"Lista de Deseos","link":"https:\/\/boltaccesorios.com\/?page_id=21"}],"_links":{"self":[{"href":"https:\/\/boltaccesorios.com\/index.php?rest_route=\/wp\/v2\/pages\/21","targetHints":{"allow":["GET"]}}],"collection":[{"href":"https:\/\/boltaccesorios.com\/index.php?rest_route=\/wp\/v2\/pages"}],"about":[{"href":"https:\/\/boltaccesorios.com\/index.php?rest_route=\/wp\/v2\/types\/page"}],"author":[{"embeddable":true,"href":"https:\/\/boltaccesorios.com\/index.php?rest_route=\/wp\/v2\/users\/1"}],"replies":[{"embeddable":true,"href":"https:\/\/boltaccesorios.com\/index.php?rest_route=%2Fwp%2Fv2%2Fcomments&post=21"}],"version-history":[{"count":1,"href":"https:\/\/boltaccesorios.com\/index.php?rest_route=\/wp\/v2\/pages\/21\/revisions"}],"predecessor-version":[{"id":5037,"href":"https:\/\/boltaccesorios.com\/index.php?rest_route=\/wp\/v2\/pages\/21\/revisions\/5037"}],"wp:attachment":[{"href":"https:\/\/boltaccesorios.com\/index.php?rest_route=%2Fwp%2Fv2%2Fmedia&parent=21"}],"curies":[{"name":"wp","href":"https:\/\/api.w.org\/{rel}","templated":true}]}}